15.
-2e39
Convert -45c1 (base 13) to base 8.
-23076
What is 21330 (base 8) in base 15?
299a
What is -8ca (base 16) in base 14?
-b6a
What is -1970 (base 10) in base 7?
-5513
Convert 11075 (base 8) to base 4.
1020331
Convert -7d02 (base 14) to base 8.
-52376
Convert 41 (base 5) to base 2.
10101
What is -538 (base 10) in base 2?
-1000011010
Convert 32b (base 14) to base 10.
627
Convert 3783 (base 11) to base 4.
1031003
What is 323411 (base 5) in base 2?
10101101100010
-1022211022 (base 3) to base 4
-12120011
What is 56c (base 14) in base 12?
758
10437 (base 9) to base 8
15407
What is -21213 (base 4) in base 8?
-1147
What is 3018 (base 13) in base 12?
39b0
What is 112211 (base 3) in base 10?
400
-2b3 (base 13) to base 12
-344
Convert 3b47 (base 16) to base 14.
575d
Convert -111 (base 6) to base 15.
-2d
Convert -24174 (base 8) to base 15.
-310e
Convert -226a9 (base 13) to base 12.
-30325
What is ba1 (base 15) in base 7?
10441
Convert -1144 (base 7) to base 3.
-120201
102cb (base 16) to base 14
1a203
Convert -312001 (base 7) to base 12.
-26b71
Convert 552402 (base 6) to base 4.
23031302
What is -2010110 (base 3) in base 6?
-11103
What is 2221021 (base 3) in base 11?
1676
What is -159c (base 16) in base 13?
-2697
-1154 (base 8) to base 15
-2b5
Convert 33902 (base 11) to base 8.
137557
Convert e2 (base 16) to base 12.
16a
What is -1a26 (base 13) in base 5?
-111134
1245 (base 7) to base 15
219
-11201220 (base 3) to base 13
-1758
Convert -20a4 (base 13) to base 6.
-32544
What is 12302 (base 6) in base 7?
5234
What is 205 (base 12) in base 8?
445
What is -10000010011001011 (base 2) in base 7?
-365434
1011010101001 (base 2) to base 6
42505
What is 44044 (base 9) in base 15?
89ba
Convert -20a18 (base 11) to base 2.
-111011100101111
Convert 534 (base 9) to base 7.
1162
What is 105441 (base 7) in base 6?
222443
Convert 3222 (base 4) to base 9.
280
-2515 (base 6) to base 10
-623
433 (base 8) to base 15
13d
Convert -2111102 (base 3) to base 5.
-24240
Convert -85 (base 9) to base 3.
-2212
f15 (base 16) to base 7
14154
What is 2066 (base 8) in base 13?
64c
-1221 (base 11) to base 2
-11000111100
Convert -433 (base 10) to base 13.
-274
Convert 1010011010101 (base 2) to base 11.
4009
What is -12141 (base 6) in base 8?
-3375
Convert 3008 (base 10) to base 14.
114c
What is -308 (base 11) in base 8?
-563
What is -2374 (base 15) in base 11?
-572a
Convert -4a1 (base 15) to base 8.
-2033
What is -11042 (base 8) in base 7?
-16351
Convert -3523 (base 11) to base 5.
-121443
422 (base 7) to base 12
158
What is 2654 (base 8) in base 7?
4143
-20635 (base 7) to base 15
-17b7
What is -3010 (base 5) in base 13?
-233
-1110 (base 8) to base 9
-718
What is -111001100100010 (base 2) in base 8?
-71442
Convert b41 (base 13) to base 3.
2121211
-1700 (base 9) to base 15
-5b6
What is 6915 (base 11) in base 9?
13421
Convert -197 (base 15) to base 11.
-304
Convert 47403 (base 8) to base 5.
1121402
Convert -1221021011 (base 3) to base 14.
-dc57
What is 2cb (base 13) in base 12?
361
What is -15f1 (base 16) in base 7?
-22243
eb (base 15) to base 11
191
2a9 (base 14) to base 5
4131
Convert -5905 (base 11) to base 10.
-7749
What is 1226 (base 7) in base 9?
562
1a55 (base 13) to base 16
f75
Convert -52510 (base 6) to base 5.
-211343
-302200 (base 4) to base 2
-110010100000
-6771 (base 10) to base 7
-25512
-102101022 (base 3) to base 6
-102225
16207 (base 9) to base 11
8385
What is 52a (base 12) in base 7?
2125
What is -3e44 (base 16) in base 6?
-201444
What is -207 (base 11) in base 6?
-1053
-31021131 (base 4) to base 6
-1053153
145a (base 12) to base 7
6631
What is -a802 (base 12) in base 5?
-1042214
What is 112213 (base 4) in base 6?
10411
8b28 (base 13) to base 11
1369a
-1123 (base 11) to base 12
-a31
-2333 (base 6) to base 4
-20301
Convert 4664 (base 10) to base 11.
3560
What is 8909 (base 10) in base 5?
241114
What is -232131 (base 5) in base 4?
-2003200
Convert 10061 (base 8) to base 16.
1031
-14506 (base 7) to base 8
-7670
Convert 144 (base 16) to base 15.
169
-2405 (base 6) to base 13
-359
What is -1a5 (base 13) in base 8?
-460
What is -100220120 (base 3) in base 8?
-16070
Convert -13120 (base 12) to base 10.
-26088
What is 1228 (base 9) in base 4?
32111
What is -1170 (base 12) in base 15?
-8a6
What is 11df4 (base 16) in base 6?
1322524
What is -1001102 (base 3) in base 6?
-3315
1119 (base 11) to base 3
2000112
What is -4741 (base 8) in base 12?
-1569
Convert 210102102 (base 3) to base 10.
15617
1112012 (base 3) to base 13
677
What is -28a4 (base 11) in base 5?
-104434
Convert -239 (base 12) to base 11.
-283
Convert -551 (base 6) to base 7.
-421
Convert -51a (base 14) to base 7.
-2633
What is 82a0 (base 11) in base 13?
5012
Convert -1a05 (base 13) to base 15.
-1247
-100010010010010 (base 2) to base 7
-102115
Convert 18f (base 16) to base 10.
399
What is -7571 (base 10) in base 8?
-16623
What is 1250 (base 7) in base 12?
338
Convert -714 (base 8) to base 14.
-24c
-5c05 (base 13) to base 16
-32da
Convert -81 (base 13) to base 3.
-10220
-aac0 (base 14) to base 16
-7380
What is 3d9 (base 14) in base 6?
3335
-18b (base 15) to base 12
-258
Convert -326 (base 8) to base 6.
-554
What is -319 (base 10) in base 9?
-384
Convert 10414 (base 6) to base 3.
1222201
Convert -24 (base 11) to base 2.
-11010
Convert -2301 (base 6) to base 4.
-20131
f81 (base 16) to base 9
5400
Convert 11011313 (base 4) to base 15.
62a5
What is -1a79 (base 12) in base 3?
-11110210
Convert -24 (base 6) to base 13.
-13
59 (base 11) to base 3
2101
101033 (base 4) to base 10
1103
What is 4526 (base 7) in base 9?
2218
-37540 (base 9) to base 3
-1021121100
b07 (base 16) to base 7
11142
What is 355 (base 12) in base 11?
412
Convert -10000100010001 (base 2) to base 7.
-33452
Convert -509 (base 11) to base 3.
-211202
506 (base 7) to base 16
fb
-1110212020 (base 3) to base 7
-150501
-15b5 (base 15) to base 10
-4670
What is -1095 (base 12) in base 6?
-12305
Convert -853 (base 14) to base 4.
-121221
212012 (base 3) to base 2
1001110010
Convert -342 (base 11) to base 8.
-631
147 (base 13) to base 14
124
Convert 2311000 (base 4) to base 6.
125344
442a (base 12) to base 14
2a54
What is 1413 (base 5) in base 15?
108
What is 362 (base 12) in base 2?
111111010
Convert -100020 (base 3) to base 7.
-504
Convert -32230 (base 4) to base 12.
-664
Convert 15527 (base 10) to base 8.
36247
What is 4029 (base 13) in base 9?
13083
What is -40021 (base 11) in base 15?
-1255c
13310320 (base 4) to base 11
220a2
-49 (base 16) to base 4
-1021
Convert -49c8 (base 16) to base 5.
-1101023
-210332 (base 4) to base 15
-a7b
Convert -5036 (base 7) to base 15.
-7b2
What is -111001001000 (base 2) in base 10?
-3656
Convert 105a (base 11) to base 15.
631
-4420 (base 5) to base 2
-1001100010
Convert -152 (base 12) to base 11.
-178
Convert -102200010 (base 3) to base 14.
-315a
6400 (base 12) to base 14
3dba
67d (base 15) to base 10
1468
-999 (base 12) to base 6
-10313
-37722 (base 8) to base 7
-65430
What is 3456 (base 10) in base 16?
d80
2c63 (base 15) to base 3
111002110
Convert -35438 (base 9) to base 15.
-7042
What is -11100000001 (base 2) in base 3?
-2110102
What is -b576 (base 16) in base 10?
-46454
-a5 (base 11) to base 15
-7a
What is 909 (base 14) in base 10?
1773
What is 401a (base 11) in base 9?
7288
What is -20254 (base 11) in base 6?
-344543
Convert 4b58 (base 13) to base 11.
8066
What is -85783 (base 9) in base 8?
-156707
What is 10110011010011 (base 2) in base 7?
45312
Convert -785 (base 9) to base 6.
-2552
9a3 (base 13) to base 5
23104
What is -30663 (base 8) in base 11?
-9617
5205 (base 7) to base 4
130122
2705 (base 13) to base 9
7582
Convert 232301 (base 6) to base 13.
9130
-44a1 (base 16) to base 3
-220002201
What is -219 (base 15) in base 2?
-111011010
10eb9 (base 15) to base 6
1053433
Convert -124 (base 14) to base 3.
-22110
What is 2113203 (base 5) in base 2?
1000101001100100
Convert 1829 (base 11) to base 13.
10a3
What is -41 (base 6) in base 16?
-19
What is ba6 (base 15) in base 12?
1633
What is 10010000101 (base 3) in base 16?
ef3e
Convert -225224 (base 6) to base 14.
-7076
What is 103133 (base 4) in base 6?
5435
3b27 (base 15) to base 2
11000101011101
Convert -7 (base 9) to base 10.
-7
1862 (base 15) to base 2
1010010010011
-1031 (base 13) 